 = 715*m**3 - 2*m**2 - 13*m - 10. Determine k(-1).
-714
Let m(z) = 68*z + 2179. Determine m(-31).
71
Let t(u) = -u**2 + 40*u - 357. Give t(16).
27
Let r(t) = t**3 - 16*t**2 + 16*t - 106. What is r(15)?
-91
Let k(z) = -136*z + 624. Give k(8).
-464
Let c(j) = -j**2 + 76*j - 222. Give c(73).
-3
Let n(b) = -b**3 + 22*b**2 + 277*b + 62. Calculate n(31).
0
Let z(i) = 3*i**3 - 28*i**2 + 96*i - 1174. What is z(10)?
-14
Let j(s) = 179*s - 16111. Determine j(90).
-1
Let v(w) = 2*w - 31. Determine v(-1).
-33
Let b(u) = -2082*u + 578797. Determine b(278).
1
Let p(b) = -b**2 - 27*b - 27. Determine p(-19).
125
Let u(j) = -j**2 + 69*j - 198. Give u(66).
0
Let c(x) = -2*x**3 - 18*x**2 + 277*x + 2490. Determine c(-9).
-3
Let p(r) = -650*r + 80608. Determine p(124).
8
Let l(c) = c**2 + 45*c + 491. What is l(-27)?
5
Let l(k) = -40*k**3 - 3*k**2 + 119*k - 117. Calculate l(1).
-41
Let c(a) = -70*a + 250. Determine c(4).
-30
Let k(w) = 26*w**2 + 97*w - 30. Determine k(-4).
-2
Let z(k) = 3*k**2 + 55*k + 24. What is z(-18)?
6
Let n(m) = m**2 + 23*m + 23. Determine n(-24).
47
Let o(r) = 40*r + 63. Give o(0).
63
Let s(r) = 7*r**2 + 29*r - 1. Give s(-5).
29
Let c(i) = 3*i**2 - 790*i - 3211. Give c(-4).
-3
Let y(m) = -5*m**3 + 80*m**2 - 136*m - 55. Determine y(14).
1
Let l(f) = -19*f**2 + 25*f + 75. Determine l(-4).
-329
Let g(m) = -m**3 - 15*m**2 - 59*m - 324. Determine g(-12).
-48
Let d(l) = -253*l**3 + l**2. Determine d(-1).
254
Let i(h) = -h**2 - 920*h + 11171. Determine i(12).
-13
Let y(o) = -9*o**3 - 551*o**2 - 124*o - 118. Give y(-61).
4
Let l(v) = -3*v**2 + v - 6. What is l(4)?
-50
Let x(l) = 7*l**2 - 42*l + 20. Determine x(7).
69
Let v(y) = y**2 - 49*y + 154. Give v(46).
16
Let d(v) = 4*v + 87. Give d(-19).
11
Let s(f) = 22*f + 25. Calculate s(-1).
3
Let g(i) = 210*i + 8193. Determine g(-39).
3
Let n(q) = 16*q**3 + 178*q**2 + 31*q + 90. Determine n(-11).
-9
Let h(m) = m**3 + 6*m**2 + 9*m + 19. Determine h(-3).
19
Let p(t) = t**2 + 138*t + 564. Calculate p(-4).
28
Let f(h) = 2*h**2 - 143*h + 972. What is f(64)?
12
Let b(n) = 11644*n - 34961. Determine b(3).
-29
Let p(r) = 32*r - 2410. What is p(76)?
22
Let w(z) = 3*z**3 + 52*z**2 + 22*z + 117. Determine w(-17).
32
Let b(l) = -114*l - 6171. What is b(-54)?
-15
Let w(k) = -k**3 + 171*k**2 - 184*k + 2396. Determine w(170).
16
Let z(g) = -4*g**2 + 13*g - 17. What is z(6)?
-83
Let j(a) = -17*a**2 - 1550*a - 273. Calculate j(-91).
0
Let w(b) = -b**2 + 91*b - 2098. Calculate w(44).
-30
Let j(a) = -16*a + 270. Calculate j(0).
270
Let v(n) = -n**3 + 16*n**2 + 34*n - 277. Calculate v(17).
12
Let y(k) = k**3 + 89*k**2 - 4*k - 98. Calculate y(-89).
258
Let c(u) = -2*u**3 + 130*u**2 + 407*u - 7. Give c(-3).
-4
Let d(s) = s**2 - 38*s + 433. Determine d(16).
81
Let v(t) = 11*t - 85. Give v(-4).
-129
Let h(m) = -4*m**3 + 12*m**2 - 37*m + 127. Calculate h(3).
16
Let z(x) = 3*x**2 + 31*x + 3. What is z(0)?
3
Let c(l) = 119*l**2 - 217*l - 662. Give c(-3).
1060
Let l(y) = 4*y**2 - 28*y + 119. Give l(5).
79
Let g(y) = 73*y - 911. Determine g(9).
-254
Let o(h) = -h**3 + 4*h**2 - 22*h - 109. Determine o(10).
-929
Let i(z) = z**2 + 30*z - 1212. Determine i(-53).
7
Let h(i) = -i**2 - 58*i - 549. What is h(-12)?
3
Let y(m) = -472*m + 34928. Calculate y(74).
0
Let v(p) = p**2 - 69*p - 1185. What is v(83)?
-23
Let y(g) = -2*g**3 - 30*g**2 - 81*g + 16. What is y(-12)?
124
Let x(w) = -146*w - 4382. What is x(-30)?
-2
Let w(b) = b**2 + 114*b + 2584. Give w(-83).
11
Let o(x) = -15*x + 240. Calculate o(16).
0
Let k(w) = 41*w + 190. What is k(-7)?
-97
Let k(s) = -151*s - 586. Calculate k(-4).
18
Let s(g) = g + 73. Give s(7).
80
Let f(d) = -d**3 - 64*d**2 - 10*d - 634. Give f(-64).
6
Let d(k) = 132*k**2 - 147*k - 1. Calculate d(1).
-16
Let u(w) = w**3 - 68*w**2 - 49*w - 1402. What is u(69)?
-22
Let c(f) = -99*f - 3561. Calculate c(-36).
3
Let s(m) = 2*m**3 + 121*m**2 - 57*m + 243. Determine s(-61).
-1
Let t(q) = -260*q - 1821. Determine t(-7).
-1
Let o(d) = -d**2 + 48*d - 364. Determine o(36).
68
Let l(u) = 2*u**3 + 13*u**2 + 19*u + 3. Calculate l(-5).
-17
Let s(d) = d**2 - 188*d + 1634. Give s(9).
23
Let x(o) = o**2 + 80*o - 341. Calculate x(-83).
-92
Let h(l) = l**3 - 17*l**2 + 17*l + 195. What is h(15)?
0
Let s(d) = 656*d + 127270. Give s(-194).
6
Let n(o) = o**3 + 9*o**2 + 30*o + 113. Determine n(-8).
-63
Let n(u) = 27*u**2 + 265*u - 23. Determine n(-10).
27
Let o(u) = u**3 - 61*u**2 + 120*u + 3114. Calculate o(58).
-18
Let g(w) = w**2 - 79*w - 2755. Determine g(-26).
-25
Let h(n) = 20*n**2 + 1028*n - 172. What is h(-51)?
-580
Let o(s) = -s**3 + 37*s**2 - 34*s - 86. Give o(36).
-14
Let x(p) = 40*p + 326. What is x(-8)?
6
Let b(a) = a**2 + 8*a + 17. Determine b(9).
170
Let m(r) = -426*r - 6. Calculate m(-1).
420
Let v(z) = -570*z + 23363. Calculate v(41).
-7
Let g(u) = u**2 - 93*u - 186. Calculate g(-2).
4
Let h(w) = -w**2 - 22*w + 1905. What is h(34)?
1
Let p(n) = -1062*n + 7. Give p(0).
7
Let y(l) = -2*l**2 + 42*l + 89. What is y(-2)?
-3
Let g(s) = 131*s + 9567. What is g(-73)?
4
Let p(x) = 31256*x - 93774. Determine p(3).
-6
Let f(j) = -2*j**3 - 174*j**2 + 6. Give f(-87).
6
Let x(y) = y**2 - 446*y + 10132. Determine x(24).
4
Let w(o) = -o**3 + 6*o**2 + 10*o - 19. Determine w(6).
41
Let l(j) = 842*j**2 - 40*j + 11. Determine l(1).
813
Let v(g) = -105*g + 1370. Calculate v(13).
5
Let b(l) = 438*l + 1774. Give b(-4).
22
Let d(n) = -17*n - 62. Give d(11).
-249
Let k(z) = -2*z**3 + 14*z**2 + 5*z - 9. Give k(7).
26
Let t(b) = 27*b - 168. Determine t(6).
-6
Let a(q) = 3*q**2 + 60*q + 252. What is a(-7)?
-21
Let j(q) = 2*q + 46. Determine j(-12).
22
Let p(o) = 367*o - 25. What is p(-1)?
-392
Let p(s) = -s**2 + 29*s - 77. Calculate p(5).
43
Let f(c) = c**3 + 109. Give f(0).
109
Let f(s) = -42*s**2 + 583*s + 61. Calculate f(14).
-9
Let d(u) = u**3 - 19*u**2 - 23*u + 83. Calculate d(20).
23
Let l(k) = 11*k**2 - 133*k - 10. Give l(9).
-316
Let r(t) = -566*t + 9082. What is r(16)?
26
Let f(j) = -4*j**3 - 7*j**2 - 18*j - 10. Give f(-1).
5
Let r(k) = 18*k**2 - 645*k + 452. Calculate r(35).
-73
Let j(r) = -110*r + 557. Determine j(5).
7
Let f(p) = -3*p**2 + 172*p - 120. Give f(56).
104
Let x(r) = 3*r - 10. What is x(5)?
5
Let v(z) = -5*z**3 - 20*z**2 - 4*z - 21. Give v(-4).
-5
Let y(m) = 21*m**2 - 183*m + 403. Determine y(4).
7
Let v(l) = 2*l**3 - 42*l**2 - l - 39. Determine v(21).
-60
Let h(m) = -37*m + 41. Determine h(2).
-33
Let g(i) = -57*i - 2170. Determine g(-38).
-4
Let v(k) = -92*k - 5984. What is v(-64)?
-96
Let d(a) = -2*a**2 - 44*a + 407. Determine d(7).
1
Let l(q) = -21*q + 84. Calculate l(12).
-168
Let m(p) = 566*p + 2829. What is m(-5)?
-1
Let z(n) = 14*n**2 + 86*n + 520. Calculate z(-7).
604
Let a(q) = -29*q + 2709. Give a(95).
-46
Let y(d) = d**3 - 5*d**2 - 803*d - 98. Calculate y(31).
-5
Let s(f) = 2*f - 91. What is s(43)?
-5
Let k(q) = 6*q**3 - 24*q**2 + q + 1. Determine k(4).
5
Let c(x) = -30*x**2 - 61*x + 60. Calculate c(1).
-31
Let u(v) = -99*v - 1291. Calculate u(-13).
-4
Let m(s) = 5*s**2 + 120*s + 490. Calculate m(-4).
90
Let s(a) = -4509*a + 31574. What is s(7)?
11
Let q(c) = -64*c - 258. What is q(-4)?
-2
Let h(j) = -2*j**2 + 30*j - 112. Calculate h(8).
0
Let n(t) = 66*t - 537. Calculate n(9).
57
Let w(b) = b**3 - 62*b**2 - 336*b + 85. Calculate w(67).
18
Let s(d) = -43*d - 7000. What is s(-165)?
95
Let a(z) = z**3 + 21*z**2 + 2*z - 287. Calculate a(-21).
-329
Let t(m) = 8*m**2 - 67*m + 104. Calculate t(6).
-10
Let x(g) = -4*g**3 - 3*g**2 - 3*g - 10. What is x(-3)?
80
Let d(f) = -41*f + 1946. What is d(41)?
265
Let s(u) = -22*u - 98. Determine s(-9).
100
Let l(u) = 24*u**3 + 286*u**2 - 24*u + 21. What is l(-12)?
21
Let b(o) = -o**2 - 78*o + 4360. Give b(-116).
-48
Let p(u) = -616*u + 4296. Determine p(7).
-16
Let r(d) = -43*d**2 - 1115*d + 80. What is r(-26)?
2
Let p(u) = -4*u + 137. Calculate p(19).
61
Let p(y) = y**3 - 11*y**2 + 17*y + 5. Give p(9).
-4
Let x(w) = -2*w**2 - 14*w - 72. Give x(-11).
-160
Let d(s) = -s**2 - 21*s + 25. What is d(-20)?
45
Let a(c) = -c**3 - 9*c**2 + 39*c + 528. Determine a(-10).
238
Let l(r) = -3056*r - 13. Determine l(0).
-13
Let a(s) = 640*s + 12797. Calculate a(-20).
-3
Let h(k) = -19*k + 30. Determine h(17).
-293
Let c(l) = -5*l**3 - 334*l**2 + 72*l + 392. Calculate c(-67).
57
Let y(s) = 87*s 